housands digit of 5960?
5
What is the tens digit of 568?
6
What is the units digit of 2056?
6
What is the thousands digit of 47104?
7
What is the ten thousands digit of 52090?
5
What is the hundreds digit of 1047?
0
What is the units digit of 149743?
3
What is the units digit of 3506?
6
What is the thousands digit of 3936?
3
What is the hundreds digit of 6231?
2
What is the thousands digit of 189476?
9
What is the tens digit of 2835?
3
What is the hundreds digit of 3970?
9
What is the ten thousands digit of 54365?
5
What is the tens digit of 9163?
6
What is the units digit of 427?
7
What is the units digit of 1403?
3
What is the thousands digit of 54014?
4
What is the thousands digit of 21642?
1
What is the tens digit of 20216?
1
What is the tens digit of 7574?
7
What is the units digit of 3596?
6
What is the tens digit of 4908?
0
What is the tens digit of 5511?
1
What is the tens digit of 7443?
4
What is the tens digit of 3297?
9
What is the hundreds digit of 134?
1
What is the thousands digit of 2313?
2
What is the units digit of 575?
5
What is the hundreds digit of 5192?
1
What is the units digit of 65931?
1
What is the thousands digit of 36050?
6
What is the thousands digit of 3236?
3
What is the thousands digit of 2762?
2
What is the ten thousands digit of 10867?
1
What is the tens digit of 9951?
5
What is the units digit of 2420?
0
What is the tens digit of 136301?
0
What is the units digit of 75219?
9
What is the tens digit of 292?
9
What is the units digit of 26823?
3
What is the thousands digit of 3137?
3
What is the tens digit of 52320?
2
What is the hundreds digit of 2290?
2
What is the tens digit of 127407?
0
What is the tens digit of 32271?
7
What is the units digit of 22521?
1
What is the thousands digit of 2343?
2
What is the tens digit of 49211?
1
What is the ten thousands digit of 151480?
5
What is the hundreds digit of 78155?
1
What is the units digit of 1359?
9
What is the hundreds digit of 2279?
2
What is the tens digit of 23241?
4
What is the tens digit of 5589?
8
What is the units digit of 764?
4
What is the tens digit of 1640?
4
What is the thousands digit of 4021?
4
What is the hundreds digit of 1143?
1
What is the thousands digit of 21526?
1
What is the thousands digit of 4700?
4
What is the thousands digit of 25915?
5
What is the hundreds digit of 4052?
0
What is the hundreds digit of 652?
6
What is the ten thousands digit of 92852?
9
What is the tens digit of 14519?
1
What is the ten thousands digit of 78049?
7
What is the thousands digit of 25685?
5
What is the tens digit of 1658?
5
What is the tens digit of 2480?
8
What is the tens digit of 77?
7
What is the hundreds digit of 2069?
0
What is the units digit of 92515?
5
What is the ten thousands digit of 51755?
5
What is the units digit of 2623?
3
What is the hundreds digit of 788?
7
What is the tens digit of 7522?
2
What is the tens digit of 23649?
4
What is the tens digit of 236?
3
What is the hundreds digit of 396?
3
What is the hundreds digit of 382?
3
What is the hundreds digit of 9143?
1
What is the units digit of 15186?
6
What is the tens digit of 958?
5
What is the units digit of 1188?
8
What is the ten thousands digit of 128381?
2
What is the tens digit of 967?
6
What is the thousands digit of 20787?
0
What is the units digit of 1165?
5
What is the units digit of 62975?
5
What is the units digit of 390?
0
What is the tens digit of 2898?
9
What is the thousands digit of 6010?
6
What is the units digit of 816?
6
What is the tens digit of 15724?
2
What is the hundreds digit of 876?
8
What is the hundreds digit of 1098?
0
What is the tens digit of 44170?
7
What is the tens digit of 86?
8
What is the ten thousands digit of 12322?
1
What is the units digit of 54587?
7
What is the hundreds digit of 9665?
6
What is the hundreds digit of 405?
4
What is the hundreds digit of 35206?
2
What is the thousands digit of 3663?
3
What is the thousands digit of 14816?
4
What is the ten thousands digit of 25650?
2
What is the tens digit of 6527?
2
What is the tens digit of 74947?
4
What is the thousands digit of 23065?
3
What is the units digit of 3945?
5
What is the units digit of 1327?
7
What is the units digit of 788?
8
What is the tens digit of 17280?
8
What is the tens digit of 477?
7
What is the thousands digit of 1181?
1
What is the hundreds digit of 41463?
4
What is the thousands digit of 2117?
2
What is the tens digit of 4121?
2
What is the thousands digit of 2324?
2
What is the thousands digit of 22444?
2
What is the thousands digit of 45340?
5
What is the units digit of 12338?
8
What is the units digit of 1371?
1
What is the tens digit of 1776?
7
What is the units digit of 2682?
2
What is the units digit of 7834?
4
What is the tens digit of 237?
3
What is the units digit of 13263?
3
What is the hundreds digit of 64472?
4
What is the units digit of 18634?
4
What is the thousands digit of 13300?
3
What is the tens digit of 22004?
0
What is the thousands digit of 3780?
3
What is the units digit of 92738?
8
What is the units digit of 1782?
2
What is the ten thousands digit of 110331?
1
What is the tens digit of 42998?
9
What is the thousands digit of 4223?
4
What is the units digit of 12394?
4
What is the units digit of 62?
2
What is the units digit of 4934?
4
What is the hundreds digit of 1431?
4
What is the thousands digit of 1964?
1
What is the units digit of 20398?
8
What is the hundreds digit of 14018?
0
What is the units digit of 380?
0
What is the hundreds digit of 7905?
9
What is the units digit of 13374?
4
What is the tens digit of 1916?
1
What is the ten thousands digit of 13219?
1
What is the thousands digit of 6796?
6
What is the tens digit of 5860?
6
What is the ten thousands digit of 73670?
7
What is the ten thousands digit of 19007?
1
What is the tens digit of 5875?
7
What is the units digit of 425?
5
What is the hundreds digit of 10585?
5
What is the hundreds digit of 17852?
8
What is the tens digit of 637?
3
What is the units digit of 1397?
7
What is the ten thousands digit of 28410?
2
What is the units digit of 427?
7
What is the units digit of 2412?
2
What is the hundreds digit of 540?
5
What is the hundreds digit of 383?
3
What is the thousands digit of 12991?
2
What is the units digit of 12326?
6
What is the units digit of 5000?
0
What is the units digit of 455?
5
What is the thousands digit of 1534?
1
What is the hundreds digit of 1275?
2
What is the thousands digit of 28048?
8
What is the thousands digit of 2703?
2
What is the tens digit of 996?
9
What is the tens digit of 956?
5
What is the units digit of 55458?
8
What is the hundreds digit of 64045?
0
What is the tens digit of 146362?
6
What is the tens digit of 2083?
8
What is the thousands digit of 22664?
2
What is the thousands digit of 11365?
1
What is the tens digit of 8734?
3
What is the tens digit of 3531?
3
What is the hundreds digit of 42391?
3
What is the units digit of 6297?
7
What is the hundreds digit of 32967?
9
What is the thousands digit of 74528?
4
What is the hundreds digit of 2805?
8
What is the units digit of 87072?
2
What is the units digit of 17078?
8
What is the units digit of 2549?
9
What is the thousands digit of 12024?
2
What is the tens digit of 101?
0
What is the hundreds digit of 1015?
0
What is the ten thousands digit of 29629?
2
What is the units digit of 12?
2
What is the tens digit of 658?
5
What is the thousands digit of 3484?
3
What is the ten thousands digit of 89406?
8
What is the ten thousands digit of 13398?
1
What is the tens digit of 718?
1
What is the hundreds digit of 2002?
0
What is the thousands digit of 26064?
6
What is the thousands digit of 92800?
2
What is the hundreds digit of 11203?
2
What is the units digit of 8675?
5
What is the tens digit of 2248?
4
What is the units digit of 59493?
3
What is the hundreds digit of 47869?
8
What is the thousands digit of 3951?
3
What is the tens digit of 13836?
3
What is the units digit of 9458?
8
What is the ten thousands digit of 20287?
2
What is the tens digit of 39013?
1
What is the units digit of 2094?
4
What is the tens digit of 265?
6
What is the units digit of 3812?
2
What is the units digit of 33674?
4
What is the units digit of 1555?
5
What is the tens digit of 81783?
8
What is the tens digit of